{"id":1011,"date":"2015-01-28T19:39:02","date_gmt":"2015-01-28T18:39:02","guid":{"rendered":"http:\/\/www.bergstugan.net\/?page_id=1011"},"modified":"2026-04-26T22:04:37","modified_gmt":"2026-04-26T20:04:37","slug":"veckans-meny","status":"publish","type":"page","link":"https:\/\/www.bergstugan.net\/?page_id=1011","title":{"rendered":"Veckans Lunch"},"content":{"rendered":"<div class=\"style-210 style-local-1011-c1 position-relative\" data-colibri-id=\"1011-c1\">\n<div id=\"initial-content\" class=\"h-section h-section-global-spacing d-flex align-items-lg-center align-items-md-center align-items-center style-211 style-local-1011-c2 position-relative\" data-colibri-component=\"section\" data-colibri-id=\"1011-c2\">\n<div class=\"h-section-grid-container h-section-boxed-container\">\n<div class=\"h-row-container gutters-row-lg-2 gutters-row-md-2 gutters-row-0 gutters-row-v-lg-2 gutters-row-v-md-2 gutters-row-v-2 style-248 style-local-1011-c3 position-relative\" data-colibri-id=\"1011-c3\">\n<div class=\"h-row justify-content-lg-center justify-content-md-center justify-content-center align-items-lg-stretch align-items-md-stretch align-items-stretch gutters-col-lg-2 gutters-col-md-2 gutters-col-0 gutters-col-v-lg-2 gutters-col-v-md-2 gutters-col-v-2\">\n<div class=\"h-column h-column-container d-flex h-col-lg-6 h-col-md-6 h-col-12 style-249-outer style-local-1011-c4-outer\">\n<div class=\"d-flex h-flex-basis h-column__inner h-px-lg-2 h-px-md-2 h-px-2 v-inner-lg-2 v-inner-md-2 v-inner-2 style-249 style-local-1011-c4 position-relative\" data-colibri-id=\"1011-c4\">\n<div class=\"w-100 h-y-container h-column__content h-column__v-align flex-basis-100 align-self-lg-start align-self-md-start align-self-start\">\n<div class=\"style-214 style-local-1011-c5 position-relative h-element\" data-colibri-id=\"1011-c5\">\n<div>&nbsp;<\/div>\n<\/div>\n<\/div>\n<\/div>\n<\/div>\n<\/div>\n<\/div>\n<\/div>\n<\/div>\n<\/div>\n\n\n<p>Inkl. sallad, br\u00f6d, m\u00e5ltidsdryck, kaffe och kaka<\/p>\n\n\n\n<p>145 kr<\/p>\n\n\n\n<h2 class=\"wp-block-heading\">&nbsp;<\/h2>\n\n\n\n<h2 class=\"wp-block-heading\"><em>M\u00e5ndag<\/em> 27 april<\/h2>\n\n\n\n<p>Ros\u00e9 pepparstekt fl\u00e4skfil\u00e9 med madeirasky, haricot verts och potatismos <\/p>\n\n\n\n<p>Sm\u00f6rstekt fj\u00e4llr\u00f6ding med hummers\u00e5s, grillad sparris och dillkrossad potatis <\/p>\n\n\n\n<p>Prinskorv med stuvad spenat och kokt potatis <\/p>\n\n\n\n<h2 class=\"wp-block-heading\"><em>Tisdag<\/em> 28 april<\/h2>\n\n\n\n<p>Raggmunk med stekt fl\u00e4sk och lingonsylt <\/p>\n\n\n\n<p>Stekt fl\u00e4sk med l\u00f6ks\u00e5s och kokt potatis <\/p>\n\n\n\n<p>Soltorkad tomat och f\u00e4rskost fylld sp\u00e4tta med vitvinss\u00e5s och kokt potatis <\/p>\n\n\n\n<h2 class=\"wp-block-heading\"><em>Onsdag<\/em> 29 april<\/h2>\n\n\n\n<p>M\u00f6rad fl\u00e4skschnitzel med skys\u00e5s, kapris, citron, bearnaises\u00e5s och rostad potatis <\/p>\n\n\n\n<p>Citron\u00e5ngad torskfil\u00e9 med riven pepparrot, skirat sm\u00f6r och kokt potatis <\/p>\n\n\n\n<p>Lapskojs med r\u00f6dbetor<\/p>\n\n\n\n<h2 class=\"wp-block-heading\"><em>Torsdag<\/em> 30 april<\/h2>\n\n\n\n<p>Fl\u00e4skfil\u00e9 Black &amp; White med bearnaises\u00e5s, r\u00f6dvinss\u00e5s och rostad potatis<\/p>\n\n\n\n<p>Pepparstekt l\u00f6vbiff med vitl\u00f6kssm\u00f6r och potatisgrat\u00e4ng <\/p>\n\n\n\n<p>Veckans fiskfr\u00e4sare; aviseras p\u00e5 hemsidan p\u00e5 onsdag eftermiddag <\/p>\n\n\n\n<h2 class=\"wp-block-heading\"><em>Fredag<\/em> 1 maj<\/h2>\n\n\n\n<p>R\u00f6d dag &#8211; St\u00e4ngt f\u00f6r dagens lunch<\/p>\n\n\n\n<p><\/p>\n\n\n\n<p><\/p>\n\n\n\n<p><\/p>\n\n\n\n<p><\/p>\n\n\n\n<p><\/p>\n\n\n\n<p><\/p>\n\n\n\n<p><\/p>\n\n\n\n<p><\/p>\n\n\n\n<p><span style=\"color: #000000;\"><strong><em>* Vi reserverar oss mot eventuella \u00e4ndringar<\/em><\/strong><\/span><\/p>\n\n\n\n<h2 class=\"wp-block-heading\"><span style=\"color: #000000;\">&nbsp;<\/span><\/h2>\n\n\n\n<h2 class=\"wp-block-heading\">&nbsp;<\/h2>\n\n\n\n<h2 class=\"wp-block-heading\">&nbsp;<\/h2>\n\n\n<p><\/p>","protected":false},"excerpt":{"rendered":"<p>&nbsp; Inkl. sallad, br\u00f6d, m\u00e5ltidsdryck, kaffe och kaka 145 kr &nbsp; M\u00e5ndag 27 april Ros\u00e9 pepparstekt fl\u00e4skfil\u00e9 med madeirasky, haricot verts och potatismos Sm\u00f6rstekt fj\u00e4llr\u00f6ding med hummers\u00e5s, grillad sparris och dillkrossad potatis Prinskorv med stuvad spenat och kokt potatis Tisdag 28 april Raggmunk med stekt fl\u00e4sk och lingonsylt Stekt fl\u00e4sk med l\u00f6ks\u00e5s och kokt potatis [&hellip;]<\/p>\n","protected":false},"author":1,"featured_media":0,"parent":51,"menu_order":0,"comment_status":"closed","ping_status":"closed","template":"page-templates\/full-width-page.php","meta":[],"_links":{"self":[{"href":"https:\/\/www.bergstugan.net\/index.php?rest_route=\/wp\/v2\/pages\/1011"}],"collection":[{"href":"https:\/\/www.bergstugan.net\/index.php?rest_route=\/wp\/v2\/pages"}],"about":[{"href":"https:\/\/www.bergstugan.net\/index.php?rest_route=\/wp\/v2\/types\/page"}],"author":[{"embeddable":true,"href":"https:\/\/www.bergstugan.net\/index.php?rest_route=\/wp\/v2\/users\/1"}],"replies":[{"embeddable":true,"href":"https:\/\/www.bergstugan.net\/index.php?rest_route=%2Fwp%2Fv2%2Fcomments&post=1011"}],"version-history":[{"count":20,"href":"https:\/\/www.bergstugan.net\/index.php?rest_route=\/wp\/v2\/pages\/1011\/revisions"}],"predecessor-version":[{"id":4705,"href":"https:\/\/www.bergstugan.net\/index.php?rest_route=\/wp\/v2\/pages\/1011\/revisions\/4705"}],"up":[{"embeddable":true,"href":"https:\/\/www.bergstugan.net\/index.php?rest_route=\/wp\/v2\/pages\/51"}],"wp:attachment":[{"href":"https:\/\/www.bergstugan.net\/index.php?rest_route=%2Fwp%2Fv2%2Fmedia&parent=1011"}],"curies":[{"name":"wp","href":"https:\/\/api.w.org\/{rel}","templated":true}]}}

<div class="style-210 style-local-1011-c1 position-relative" data-colibri-id="1011-c1">
<div id="initial-content" class="h-section h-section-global-spacing d-flex align-items-lg-center align-items-md-center align-items-center style-211 style-local-1011-c2 position-relative" data-colibri-component="section" data-colibri-id="1011-c2">
<div class="h-section-grid-container h-section-boxed-container">
<div class="h-row-container gutters-row-lg-2 gutters-row-md-2 gutters-row-0 gutters-row-v-lg-2 gutters-row-v-md-2 gutters-row-v-2 style-248 style-local-1011-c3 position-relative" data-colibri-id="1011-c3">
<div class="h-row justify-content-lg-center justify-content-md-center justify-content-center align-items-lg-stretch align-items-md-stretch align-items-stretch gutters-col-lg-2 gutters-col-md-2 gutters-col-0 gutters-col-v-lg-2 gutters-col-v-md-2 gutters-col-v-2">
<div class="h-column h-column-container d-flex h-col-lg-6 h-col-md-6 h-col-12 style-249-outer style-local-1011-c4-outer">
<div class="d-flex h-flex-basis h-column__inner h-px-lg-2 h-px-md-2 h-px-2 v-inner-lg-2 v-inner-md-2 v-inner-2 style-249 style-local-1011-c4 position-relative" data-colibri-id="1011-c4">
<div class="w-100 h-y-container h-column__content h-column__v-align flex-basis-100 align-self-lg-start align-self-md-start align-self-start">
<div class="style-214 style-local-1011-c5 position-relative h-element" data-colibri-id="1011-c5">
<div>&nbsp;</div>
</div>
</div>
</div>
</div>
</div>
</div>
</div>
</div>
</div>


<p>Inkl. sallad, bröd, måltidsdryck, kaffe och kaka</p>



<p>145 kr</p>



<h2 class="wp-block-heading">&nbsp;</h2>



<h2 class="wp-block-heading"><em>Måndag</em> 27 april</h2>



<p>Rosé pepparstekt fläskfilé med madeirasky, haricot verts och potatismos </p>



<p>Smörstekt fjällröding med hummersås, grillad sparris och dillkrossad potatis </p>



<p>Prinskorv med stuvad spenat och kokt potatis </p>



<h2 class="wp-block-heading"><em>Tisdag</em> 28 april</h2>



<p>Raggmunk med stekt fläsk och lingonsylt </p>



<p>Stekt fläsk med löksås och kokt potatis </p>



<p>Soltorkad tomat och färskost fylld spätta med vitvinssås och kokt potatis </p>



<h2 class="wp-block-heading"><em>Onsdag</em> 29 april</h2>



<p>Mörad fläskschnitzel med skysås, kapris, citron, bearnaisesås och rostad potatis </p>



<p>Citronångad torskfilé med riven pepparrot, skirat smör och kokt potatis </p>



<p>Lapskojs med rödbetor</p>



<h2 class="wp-block-heading"><em>Torsdag</em> 30 april</h2>



<p>Fläskfilé Black &amp; White med bearnaisesås, rödvinssås och rostad potatis</p>



<p>Pepparstekt lövbiff med vitlökssmör och potatisgratäng </p>



<p>Veckans fiskfräsare; aviseras på hemsidan på onsdag eftermiddag </p>



<h2 class="wp-block-heading"><em>Fredag</em> 1 maj</h2>



<p>Röd dag &#8211; Stängt för dagens lunch</p>



<p></p>



<p></p>



<p></p>



<p></p>



<p></p>



<p></p>



<p></p>



<p></p>



<p><span style="color: #000000;"><strong><em>* Vi reserverar oss mot eventuella ändringar</em></strong></span></p>



<h2 class="wp-block-heading"><span style="color: #000000;">&nbsp;</span></h2>



<h2 class="wp-block-heading">&nbsp;</h2>



<h2 class="wp-block-heading">&nbsp;</h2>


<p></p>

<p>&nbsp; Inkl. sallad, bröd, måltidsdryck, kaffe och kaka 145 kr &nbsp; Måndag 27 april Rosé pepparstekt fläskfilé med madeirasky, haricot verts och potatismos Smörstekt fjällröding med hummersås, grillad sparris och dillkrossad potatis Prinskorv med stuvad spenat och kokt potatis Tisdag 28 april Raggmunk med stekt fläsk och lingonsylt Stekt fläsk med löksås och kokt potatis [&hellip;]</p>
